In base 3, what is -1 + -2101?
-2102
In base 11, what is -598 - -7?
-591
In base 7, what is 113552 + 5?
113560
In base 9, what is 44 + -27?
16
In base 6, what is 10044 + 10?
10054
In base 15, what is 5 - -32?
37
In base 7, what is 61 - 2?
56
In base 6, what is 2 - 15?
-13
In base 4, what is -313 + -102?
-1021
In base 14, what is -10571 - -1?
-10570
In base 16, what is -5 + 283?
27e
In base 14, what is -1 + 940?
93d
In base 16, what is 5 - 15?
-10
In base 2, what is 10001 + -10001?
0
In base 11, what is -3 + -90?
-93
In base 8, what is -1 + -112?
-113
In base 2, what is 100 + 111111?
1000011
In base 3, what is -1122001 - 11?
-1122012
In base 13, what is 153 + -b?
145
In base 14, what is 5 - 34?
-2d
In base 14, what is 605 - -11?
616
In base 5, what is 2301 + -4?
2242
In base 3, what is 221 + -1001?
-10
In base 11, what is 11a - -1?
120
In base 9, what is -4 - -173?
168
In base 14, what is 2 + -9d?
-9b
In base 2, what is 10000001101 - 101?
10000001000
In base 14, what is -1c1 - -1?
-1c0
In base 9, what is 484 - -27?
522
In base 12, what is 3baa - -5?
3bb3
In base 10, what is 41 - 6?
35
In base 15, what is 6d + 1?
6e
In base 3, what is -201020 + 121?
-200122
In base 14, what is -12 + -4?
-16
In base 2, what is -1100101 - 100?
-1101001
In base 5, what is -110 - -104?
-1
In base 16, what is -be + 8?
-b6
In base 4, what is 10 - -101230?
101300
In base 4, what is 10 - 331?
-321
In base 12, what is 3 + -56?
-53
In base 6, what is -14 - 45?
-103
In base 5, what is -2103 - 0?
-2103
In base 16, what is c + -2b?
-1f
In base 4, what is -10 + 10023?
10013
In base 2, what is 111101 + -10010?
101011
In base 5, what is 244 - 3?
241
In base 12, what is -6a1 - -2?
-69b
In base 2, what is -1010001 + 101?
-1001100
In base 16, what is -19d - 0?
-19d
In base 8, what is -1211 + 3?
-1206
In base 16, what is -3 + -7e4?
-7e7
In base 10, what is -1389 - 3?
-1392
In base 10, what is -2 + 91?
89
In base 14, what is 2 + -34?
-32
In base 13, what is 20b + 64?
272
In base 11, what is 2 + 1323?
1325
In base 12, what is -338 + -5?
-341
In base 3, what is -101 - 1012?
-1120
In base 4, what is 100 + 22?
122
In base 5, what is -4 - 102?
-111
In base 13, what is -3 + 1a71?
1a6b
In base 11, what is 5019 - 2?
5017
In base 12, what is -3 - 427?
-42a
In base 10, what is -7 + -138?
-145
In base 7, what is 3 + 66?
102
In base 15, what is -1 + 101?
100
In base 3, what is 10012 + 2?
10021
In base 16, what is a + -41?
-37
In base 3, what is 1200010 - 2?
1200001
In base 15, what is -a6 + 7?
-9e
In base 13, what is 1 + 30b?
30c
In base 16, what is 4 - -16?
1a
In base 5, what is -314 - 4?
-323
In base 10, what is 5 + -46?
-41
In base 2, what is -100110 + 10?
-100100
In base 9, what is -7 - -534?
526
In base 2, what is -10100000 - 11?
-10100011
In base 11, what is 176 - -5?
180
In base 10, what is -1201 + 1?
-1200
In base 4, what is 2030 - 102?
1322
In base 7, what is 660 - -4?
664
In base 2, what is -1110111 + -10010?
-10001001
In base 9, what is 11 + -123?
-112
In base 3, what is -10 - 21010?
-21020
In base 9, what is -227 - -147?
-70
In base 9, what is 4346 - 4?
4342
In base 13, what is -11 - -2?
-c
In base 11, what is -3 - 183?
-186
In base 4, what is 1 + 1233?
1300
In base 16, what is 5 + -61?
-5c
In base 2, what is 11 + -1101?
-1010
In base 8, what is 2 - -1771?
1773
In base 14, what is 2 + 10da?
10dc
In base 10, what is -2 + -26?
-28
In base 8, what is 4 - -1064?
1070
In base 7, what is -242 + 16?
-223
In base 11, what is -5 + 36?
31
In base 12, what is -3 - 38a?
-391
In base 11, what is 551 - -2?
553
In base 14, what is 9 - 96?
-8b
In base 12, what is -2 - -11?
b
In base 12, what is -5 - 4248?
-4251
In base 10, what is 5 - -33?
38
In base 7, what is 0 - -61?
61
In base 12, what is -bb1 + -2?
-bb3
In base 3, what is 10022101 + -2?
10022022
In base 9, what is 2686 + 0?
2686
In base 6, what is -4033 - -1?
-4032
In base 9, what is 12 - 141?
-128
In base 16, what is 0 + 6?
6
In base 7, what is 561 - -16?
610
In base 4, what is -10 + -303?
-313
In base 5, what is 10 - -430?
440
In base 6, what is -220205 + 2?
-220203
In base 13, what is 14 + -1?
13
In base 12, what is 4 + 11?
15
In base 16, what is 1a7d - -3?
1a80
In base 9, what is -2 - -14?
12
In base 6, what is -1215 + 15?
-1200
In base 5, what is 2 + -10?
-3
In base 11, what is 0 - -146?
146
In base 4, what is -113033 - 3?
-113102
In base 11, what is 5 - -701?
706
In base 2, what is 1001010010 + 10?
1001010100
In base 3, what is -22 + -1011?
-1110
In base 3, what is 101012220 - 11?
101012202
In base 4, what is -21321111 - 2?
-21321113
In base 12, what is 4 - 141?
-139
In base 3, what is -110 - 0?
-110
In base 9, what is 546 + -2?
544
In base 8, what is 4 - -4456?
4462
In base 15, what is -3 - -36?
33
In base 8, what is -13 - 22?
-35
In base 14, what is 1 + -7aa?
-7a9
In base 9, what is 134 - -5?
140
In base 5, what is 113 - 44?
14
In base 7, what is -5 + 5?
0
In base 16, what is -4 - -67?
63
In base 14, what is -a68 + 1?
-a67
In base 16, what is -2f - -44?
15
In base 9, what is -765 + -1?
-766
In base 5, what is -4 + -233?
-242
In base 14, what is 3 + a0?
a3
In base 11, what is -5 - -228?
223
In base 3, what is 110 - -11?
121
In base 11, what is -7 - 2?
-9
In base 15, what is -a + 70?
65
In base 12, what is -a - 3?
-11
In base 10, what is 208 - -4?
212
In base 6, what is -142 - -31?
-111
In base 6, what is 24 - 0?
24
In base 9, what is -3 - 30?
-33
In base 10, what is 4 + -439?
-435
In base 16, what is 1 - -211?
212
In base 5, what is 10012 + 2?
10014
In base 5, what is 1 - 141?
-140
In base 5, what is -31 + -4303?
-4334
In base 10, what is 216 - 53?
163
In base 15, what is 1 - 44b?
-44a
In base 11, what is -978 - a?
-987
In base 10, what is 43 - -78?
121
In base 5, what is 4023401 - -3?
4023404
In base 9, what is -4 - -807?
803
In base 14, what is 4 + b2?
b6
In base 15, what is -20 + -c?
-2c
In base 6, what is 3 + -142?
-135
In base 5, what is -43 - -31?
-12
In base 3, what is -2000020 + -2?
-2000022
In base 9, what is -1 + 2543?
2542
In base 7, what is 5 - 522?
-514
In base 12, what is -8600 + 0?
-8600
In base 13, what is -12 + -4?
-16
In base 5, what is -4221 + -3?
-4224
In base 16, what is -3 - -42?
3f
In base 9, what is -65 - 0?
-65
In base 13, what is 3 - -308c?
3092
In base 9, what is 45 - -137?
183
In base 6, what is -44 - 4?
-52
In base 16, what is a + -6?
4
In base 10, what is -47 + 13?
-34
In base 14, what is -c91 + 1?
-c90
In base 8, what is -4 + -42?
-46
In base 6, what is 5 - 24125?
-24120
In base 12, what is 1233 - 2?
1231
In base 14, what is -4 + 7c?
78
In base 2, what is -1101011110100 - 0?
-1101011110100
In base 11, what is -1715 - -2?
-1713
In base 10, what is 1 + -71?
-70
In base 11, what is -a2 + 0?
-a2
In base 4, what is -10 + 21?
11
In base 11, what is -5 - -6a4?
69a
In base 9, what is 2 + 52?
54
In base 15, what is -e53 + 5?
-e4d
In base 2, what is 111101 + -1001010?
-1101
In base 3, what is 1111 - -1120?
10001
In base 4, what is 203 + -1002?
-133
In base 7, what is -23 + 233?
210
In base 9, what is 26 + 261?
287
In base 6, what is 4 - -51?
55
In base 4, what is -130 + 2001?
1211
In base 5, what is 240 - -402?
1142
In base 3, what is -20010 - 1?
-20011
In base 14, what is -630 + 1?
-62d
In base 14, what is -2 - 5?
-7
In base 3, what is -1200 + -10?
-1210
In base 16, what is -2 + 32?
30
In base 7, what is -523 + 5?
-515
In base 8, what is 3 - 201?
-176
In base 2, what is 1001001001 + -101?
1001000100
In base 2, what is -10011 + 1000?
-1011
In base 15, what is 9 - ca?
-c1
In base 2, what is 101 + -11100?
-10111
In base 2, what is 100 - 101101110?
-101101010
In base 9, what is -20 + -1?
-21
In base 7, what is 12 - 2662?
-2650
In base 8, what is -1531 - -4?
-1525
In base 5, what is 11 + 23?
34
In base 6, what is 0 + 12323?
12323
In base 3, what is 0 + 22212?
22212
In base 5, what is 324 + -10?
314
In base 11, what is -7 - 91?
-98
In base 6, what is 54 + 301?
355
In base 5, what is 122 - 110?
12
In base 4, what is 21003 - 1?
21002
In base 10, what is -3 - -5671?
5668
In base 4, what is -20232 - 2?
-20300
In base 7, what is -6311 - -5?
-6303
In base 7, what is 545 + 0?
545
In base 13, what is -8 + 103?
c8
In base 16, what is -87 + 5?
-82
In base 4, what is -302 + -2231?
-3133
In base 7, what is 1 - 100?
-66
In base 